68612.
2, 3, 11, 17, 257
What are the prime factors of 69332457?
3, 4651, 4969
What are the prime factors of 109426311?
3, 31, 392209
List the prime factors of 186780954.
2, 3, 5501, 5659
List the prime factors of 422433018.
2, 3, 7, 439, 1091
What are the prime factors of 52668849?
3, 17556283
List the prime factors of 122712180.
2, 3, 5, 41, 83, 601
List the prime factors of 255383126.
2, 127691563
List the prime factors of 1022119758.
2, 3, 11, 5162221
What are the prime factors of 261940249?
241, 547, 1987
What are the prime factors of 6394811878?
2, 7, 13, 59, 197, 3023
List the prime factors of 253647514.
2, 17, 29, 257249
List the prime factors of 196952553.
3, 7, 347359
What are the prime factors of 271617596?
2, 29, 2341531
List the prime factors of 93823439.
29, 167, 19373
List the prime factors of 109780638.
2, 3, 11, 151213
What are the prime factors of 1110516616?
2, 11, 12619507
What are the prime factors of 4394740507?
4394740507
What are the prime factors of 1846764236?
2, 16361, 28219
What are the prime factors of 3545892378?
2, 3, 7, 28142003
What are the prime factors of 54397910?
2, 5, 7, 29, 127, 211
List the prime factors of 637850.
2, 5, 12757
What are the prime factors of 24967911?
3, 8322637
What are the prime factors of 58463000?
2, 5, 17, 19, 181
List the prime factors of 5308496403.
3, 7, 79, 89, 157, 229
What are the prime factors of 29644292?
2, 61, 121493
What are the prime factors of 61848159?
3, 17, 1212709
List the prime factors of 448373448.
2, 3, 2075803
List the prime factors of 943025814.
2, 3, 1733, 3359
What are the prime factors of 22653549?
3, 2517061
List the prime factors of 66613521.
3, 13, 1708039
List the prime factors of 44789939.
773, 57943
List the prime factors of 432193120.
2, 5, 2701207
List the prime factors of 13008708.
2, 3, 23, 5237
What are the prime factors of 4469019696?
2, 3, 97, 106649
List the prime factors of 6012517215.
3, 5, 6133, 65357
List the prime factors of 4718572040.
2, 5, 7, 13, 61, 79, 269
What are the prime factors of 3970759491?
3, 23, 173, 110881
What are the prime factors of 1930165293?
3, 7, 19, 709, 6823
List the prime factors of 204696861.
3, 19, 3591173
List the prime factors of 7712419.
11, 13, 4903
What are the prime factors of 78116078?
2, 39058039
What are the prime factors of 2866038890?
2, 5, 11, 13, 151, 1021
What are the prime factors of 315755529?
3, 4919, 21397
List the prime factors of 45373194.
2, 3, 53, 199, 239
What are the prime factors of 4231268953?
47, 131, 229, 3001
List the prime factors of 295086536.
2, 36885817
What are the prime factors of 66035117?
29, 719, 3167
What are the prime factors of 1219187312?
2, 7, 23, 473287
What are the prime factors of 381283204?
2, 199, 478999
List the prime factors of 578835252.
2, 3, 37, 434561
What are the prime factors of 223244828?
2, 37, 1163, 1297
What are the prime factors of 37236365?
5, 443, 16811
List the prime factors of 26314945.
5, 1499, 3511
What are the prime factors of 4754794840?
2, 5, 19, 6256309
List the prime factors of 2000933250.
2, 3, 5, 41, 65071
What are the prime factors of 1459283292?
2, 3, 601, 67447
List the prime factors of 1303346509.
21821, 59729
What are the prime factors of 48018718?
2, 11, 2182669
List the prime factors of 2071583129.
7, 11, 19, 29, 157, 311
What are the prime factors of 2577526847?
7, 368218121
List the prime factors of 353512550.
2, 5, 71, 99581
What are the prime factors of 30683618?
2, 7, 2191687
What are the prime factors of 1374756732?
2, 3, 41, 73, 4253
List the prime factors of 484230355.
5, 7, 13835153
List the prime factors of 1148814034.
2, 661, 868997
What are the prime factors of 1977173255?
5, 37, 10687423
List the prime factors of 1113701925.
3, 5, 7, 2121337
What are the prime factors of 3812804?
2, 29, 32869
What are the prime factors of 2452036?
2, 613009
What are the prime factors of 2476494468?
2, 3, 7, 67, 146677
List the prime factors of 1685674383.
3, 31, 18125531
List the prime factors of 250098676.
2, 62524669
List the prime factors of 327843624.
2, 3, 2179, 6269
What are the prime factors of 377418903?
3, 125806301
What are the prime factors of 1359041564?
2, 339760391
What are the prime factors of 736549320?
2, 3, 5, 13, 36319
List the prime factors of 335105141.
7, 2699, 17737
List the prime factors of 42846368.
2, 19, 3709
What are the prime factors of 180533867?
180533867
What are the prime factors of 2989316842?
2, 47, 31801243
List the prime factors of 1255031183.
7, 179290169
List the prime factors of 20858852.
2, 7, 744959
List the prime factors of 345889773.
3, 2341, 16417
List the prime factors of 1436201669.
7, 41, 251, 19937
List the prime factors of 1458208471.
433, 3367687
What are the prime factors of 1034418837?
3, 113, 131, 23293
What are the prime factors of 9779241?
3, 1553, 2099
What are the prime factors of 7187273?
29, 139, 1783
What are the prime factors of 40077673?
3061, 13093
What are the prime factors of 1291819884?
2, 3, 107651657
What are the prime factors of 432613679?
19, 83, 397, 691
List the prime factors of 4771254367.
11, 1997, 217201
What are the prime factors of 14593767?
3, 19, 256031
What are the prime factors of 168116005?
5, 33623201
List the prime factors of 629178100.
2, 5, 6291781
What are the prime factors of 723227336?
2, 13, 673, 10333
List the prime factors of 160614679.
160614679
What are the prime factors of 101908065?
3, 5, 7, 43, 22571
What are the prime factors of 522943098?
2, 3, 87157183
List the prime factors of 2866523049.
3, 13, 2657, 9221
List the prime factors of 1611374217.
3, 43, 12491273
List the prime factors of 19626910.
2, 5, 29, 67679
What are the prime factors of 2983380654?
2, 3, 191, 2603299
What are the prime factors of 391797402?
2, 3, 17, 89, 43159
List the prime factors of 894771374.
2, 7, 83, 770027
List the prime factors of 32551079.
11, 29, 67, 1523
What are the prime factors of 18012229?
37, 486817
What are the prime factors of 7136589?
3, 83, 28661
List the prime factors of 1140124531.
7, 13, 29, 167, 199
What are the prime factors of 807042?
2, 3, 134507
What are the prime factors of 70923700?
2, 5, 709237
List the prime factors of 27810449.
29, 61, 79, 199
What are the prime factors of 907532678?
2, 13, 34905103
List the prime factors of 64573116.
2, 3, 5381093
List the prime factors of 9439081043.
7, 1609, 119723
List the prime factors of 177177135.
3, 5, 251, 47059
What are the prime factors of 1433384689?
11, 130307699
List the prime factors of 7707425123.
251, 30706873
What are the prime factors of 14221147?
14221147
List the prime factors of 946433816.
2, 118304227
What are the prime factors of 3599019?
3, 17, 7841
What are the prime factors of 1419385888?
2, 41, 67, 241
List the prime factors of 1415131546.
2, 6397, 110609
List the prime factors of 399084717.
3, 133028239
List the prime factors of 158899557.
3, 2389, 22171
List the prime factors of 15395805.
3, 5, 114043
List the prime factors of 362451660.
2, 3, 5, 271, 22291
List the prime factors of 1080993893.
7, 79, 239, 8179
List the prime factors of 428920699.
428920699
List the prime factors of 19706595.
3, 5, 229, 5737
List the prime factors of 31169236.
2, 7, 1113187
What are the prime factors of 440416859?
440416859
List the prime factors of 10270878.
2, 3, 1711813
What are the prime factors of 169000879?
43, 113, 34781
What are the prime factors of 1060890962?
2, 23, 23062847
What are the prime factors of 1058503595?
5, 211700719
What are the prime factors of 569130636?
2, 3, 19, 197, 12671
What are the prime factors of 2055825873?
3, 76141699
List the prime factors of 7944677324.
2, 1986169331
List the prime factors of 939121268.
2, 29, 8095873
What are the prime factors of 1871171293?
1871171293
List the prime factors of 985289.
277, 3557
What are the prime factors of 410187999?
3, 13, 10517641
What are the prime factors of 474520805?
5, 11, 73, 1619
List the prime factors of 81518045.
5, 7, 41, 56807
List the prime factors of 42548527.
7, 6078361
List the prime factors of 21141292.
2, 137, 173, 223
List the prime factors of 1327131450.
2, 3, 5, 151, 19531
List the prime factors of 41617805.
5, 1193, 6977
List the prime factors of 6562124363.
6562124363
What are the prime fac